 Calculate the greatest common divisor of g and 10.
10
Let z be -39*(-6)/9 + 0 + -2. Calculate the greatest common factor of z and 84.
12
Suppose 2*s + 4 = 4*s. Suppose s*y + f - 27 = 0, -60 = -5*y - 2*f - 2*f. Calculate the greatest common divisor of y and 8.
8
Let v be ((-198)/(-21))/((-3)/(-42)). What is the highest common factor of v and 12?
12
Let o(w) = -w**3 - 8*w**2 + 4*w + 11. Let i be o(-10). Calculate the highest common divisor of i and 19.
19
Suppose r + 2*f - 82 = -r, 0 = -r + 5*f + 11. Let c = r - 10. Calculate the highest common factor of 39 and c.
13
Let z be (6*1)/((-30)/(-40)). Calculate the greatest common divisor of z and 72.
8
Let x(q) = -26*q - 81. Let s be x(-6). Calculate the greatest common divisor of s and 15.
15
Suppose 98 - 32 = 3*u. Suppose 0 = j - 38 - u. What is the highest common factor of 12 and j?
12
Let d(v) = -v + 62. Let l be d(14). Suppose 0 = -3*x + 10 + 38. What is the highest common factor of x and l?
16
Suppose 0 = -4*z + 2*z + 6. Suppose 5*u = 4*p - 736, -z*p + 940 - 381 = -2*u. What is the greatest common factor of 27 and p?
27
Suppose t - 118 = -2*r, -294 = -5*r - 7*t + 4*t. Calculate the greatest common divisor of 12 and r.
12
Let z(v) = v**3 - 4*v**2 - 3*v - 7. Let p be z(5). What is the greatest common divisor of p and 15?
3
Let n(u) = 18*u - 2. Let j = -83 - -59. Let i be (j/18)/((-1)/3). Let q be n(i). Calculate the highest common factor of 10 and q.
10
Let f = 30 - 19. Calculate the greatest common factor of f and 88.
11
Suppose -9*p + 870 = 303. What is the highest common factor of p and 9?
9
Let s(k) = 6*k + 81. Let a be s(-12). Suppose y - 2*j = 18 - 7, -21 = -3*y + 3*j. Calculate the highest common factor of y and a.
3
Let l(c) = -c**2 - 5*c + 7. Let j be l(-5). Let r = j - 5. Calculate the greatest common divisor of r and 10.
2
Suppose b - 28 = -1. Calculate the highest common divisor of b and 81.
27
Let s be ((-15)/4)/(76/(-16) + 4). What is the greatest common divisor of s and 10?
5
Let l(o) be the third derivative of -o**4/24 + 3*o**2. Let h be l(0). Suppose -w + 3*w - 24 = h. What is the highest common factor of w and 132?
12
Let g = 5 - 4. Suppose 2*r + g = 21. What is the highest common divisor of 90 and r?
10
Suppose 18*s - 5*x = 17*s + 93, -320 = -5*s - 4*x. Calculate the highest common factor of s and 34.
34
Let m(y) = y**2 - 3*y - 10. Let f be m(10). Let q be 2/(-8) + (-1202)/(-8). Let p = q - f. What is the greatest common divisor of 10 and p?
10
Let n(p) = -4 + 3 - 33*p**3 - p**2 + 3*p**2. Suppose -2*h - 3 = h. Let k be n(h). What is the greatest common factor of 17 and k?
17
Suppose -4*g + 12*g = 120. What is the greatest common divisor of g and 45?
15
Let h be 2*(-5)/2*1*-5. Let p(t) = -10*t**3 - t - 1. Let m be p(-1). What is the greatest common divisor of h and m?
5
Let j = 2 + 28. Suppose 0 = -3*n - n - 4*b + 64, 5*n + 2*b = 92. Calculate the greatest common factor of j and n.
10
Let v(o) = 7*o - 28*o + 0 - 5. Let b be v(-6). Suppose j = 5*j - 44. What is the greatest common factor of b and j?
11
Let t = 16 + -5. Let w be (-2 + 1)*(-81 + 0) - 4. Calculate the highest common divisor of w and t.
11
Let p = 1 + -3. Suppose 4*q = 3*f + 2*q + 64, 24 = -f + 2*q. Let k be (4*2)/(p/f). Calculate the highest common factor of 16 and k.
16
Let c(t) = 17*t**3 - t**2 + 2*t - 1. Suppose -p + 2 - 1 = 0. Let i be c(p). Calculate the highest common divisor of 51 and i.
17
Suppose 0 = -13*k + 3189 + 3129. Calculate the highest common divisor of 54 and k.
54
Suppose 3*h - 152 = h. Suppose -3*n = 3*a - 57, 4*n + 2*a - 4 = h. Calculate the greatest common divisor of n and 231.
21
Suppose -20 + 26 = 3*p. Let j(z) = 9*z**3 + 2*z + 1. Let c be j(-1). Let d be (36/15)/((-2)/c). Calculate the greatest common divisor of d and p.
2
Let l = 7 - 0. Let n = 14 - 14. Suppose -240 = -5*y - u - n*u, 2*y + 4*u = 78. What is the highest common divisor of y and l?
7
Let a be 208/8 - 1*3. Let u = 32 - a. What is the greatest common divisor of u and 3?
3
Let k(h) = 0*h + 0 + 2 - h + 8. Let q be k(9). What is the highest common factor of q and 2?
1
Let d(s) = -s**2 - 5*s + 4. Let x be d(-3). What is the greatest common divisor of 70 and x?
10
Let k = 0 - -4. Suppose -4*o = -5*l - 56, -2*o + 14 = -o + k*l. What is the greatest common factor of o and 7?
7
Suppose -2*g = 3*t + t - 30, -3*t = -4*g - 6. Let w = t - -6. What is the highest common divisor of w and 18?
6
Suppose t + 139 = -0*t. Let p = t + 235. Suppose -4*f + p = -f. Calculate the greatest common divisor of 4 and f.
4
Let m be ((4 - 1) + -4)*-3. Suppose 4*b = 4*j + 580, m*j - 260 = -2*b - j. Calculate the greatest common divisor of b and 56.
28
Let x = 2 - 0. Suppose 0 = -x*r + 2*g + 32, -6*r + 2*r + 3*g + 60 = 0. Calculate the highest common divisor of 48 and r.
12
Suppose 5*n - 300 = -3*r, n + r - 60 = -2*r. What is the highest common factor of n and 12?
12
Suppose -2*z = -6*z - 2*r + 14, 3*r = -4*z + 17. Let l be 1*-3 - (9 + -15). What is the greatest common divisor of z and l?
1
Let t = -11 - -1. Let m = t - -58. What is the greatest common factor of 6 and m?
6
Let n(l) = -11*l - 3. Let u be n(-3). Let c be (2/3)/(2/9). Suppose j - 303 = -4*r, 0 = 6*r - c*r + 4*j - 237. Calculate the highest common factor of r and u.
15
Let d = -41 - -85. Calculate the greatest common factor of d and 22.
22
Let z be -2 + (0 + -1)*-5. Suppose 0 = -z*p + 7*p, -4*f - 8 = 2*p. Let d be 2 + 33 + (-1 - f). Calculate the greatest common divisor of d and 24.
12
Let s be (-3)/(21/2)*-7. Let l be 0 - (s - (1 - -8)). What is the greatest common factor of 49 and l?
7
Let p = 3 - 3. Suppose -o = -p*o - 119. Calculate the greatest common divisor of o and 17.
17
Let o(c) = c + 10. Let g be o(-7). Suppose 8*h = g*h + 180. What is the highest common factor of 24 and h?
12
Suppose -14*f + 70 = -9*f. What is the greatest common factor of f and 70?
14
Let h(u) = 6*u + 9. Let q be h(7). Suppose -q = -t + 5. What is the greatest common factor of 7 and t?
7
Let r be (77/33)/((-2)/(-96)). Calculate the highest common factor of r and 14.
14
Suppose 0*v - 4*v = 64. Let s be v/6*54/(-24). What is the highest common factor of 18 and s?
6
Let r(u) = -u**3 + 12*u**2 + 3*u - 26. Let k be r(12). What is the greatest common divisor of k and 25?
5
Let w(x) = -x**3 + 9*x**2 + 2*x + 6. Let m be w(9). Calculate the highest common factor of m and 96.
24
Suppose -2*w + 12 = d, 3*w = -5*d + 11 - 0. Let f = w + -6. Calculate the highest common factor of f and 2.
1
Suppose -v = -4*v - 21. Let g(o) = o**2 + 5*o - 1. Let q be g(v). What is the highest common factor of q and 91?
13
Suppose -2*y = 3*y - 25, 2*o - 163 = y. What is the highest common divisor of o and 12?
12
Let b(g) = -7*g - 49. Let o be b(-19). What is the highest common factor of 21 and o?
21
Let z(m) = 99*m + 1. Let g be z(3). Suppose -k - g = -5*b, 1 = 2*k - 3. Suppose c + c - 48 = 0. What is the greatest common divisor of b and c?
12
Suppose 5 - 2 = h. What is the greatest common divisor of 12 and h?
3
Let l(n) = -n**3 + 8*n**2 - 8*n + 9. Let x be l(7). Let q be (x - 15/9)*3. What is the highest common divisor of q and 8?
1
Suppose 3*l - 36 = -3*b, b + 2 + 1 = 2*l. What is the greatest common divisor of b and 35?
7
Suppose -4*w + 60 = -4*q, 7*q - 4*q + 15 = 0. Calculate the greatest common factor of 40 and w.
10
Suppose -16 = -8*o + 6*o. Calculate the greatest common factor of o and 24.
8
Let z be 56/(-2)*(0 + -4). Let n be (0 + -1)*z/(-4). Suppose 7 = -i + 2*i. Calculate the greatest common factor of i and n.
7
Suppose 52 = -10*h + 11*h. Let q = 16 + -3. Calculate the highest common factor of h and q.
13
Let c = -13 + 18. Suppose -3*o - 26 = c*s - 126, 2*o + 4*s - 64 = 0. What is the greatest common divisor of o and 8?
8
Suppose a + a = 168. Suppose 7*q - 229 = -33. Calculate the highest common factor of q and a.
28
Suppose -2*n = -3*n + 1. Let c be 1 + n*(16 + -2). Let k = c - 5. What is the greatest common divisor of 40 and k?
10
Let l be 2/(0 + (-4)/(-90)). Suppose -16 = -4*a + 20. What is the greatest common factor of a and l?
9
Let c(f) = 4*f**2 - f + 1. Let n be c(-2). Suppose -2*x = t - n, -x - t + 11 = -0*x. What is the highest common divisor of x and 2?
2
Let m = 133 - 82. Calculate the greatest common divisor of m and 34.
17